1*t - 612. Give c(8).
212
Let m(j) = -83*j**2 + 29*j - 68. Calculate m(2).
-342
Let b(w) = 578140*w - 7515807. Calculate b(13).
13
Let j(w) = -5*w**3 + 8*w**2 + 136*w + 247. Calculate j(-2).
47
Let s(u) = -14416*u - 144544. Calculate s(-10).
-384
Let q(z) = 48*z**2 - 24*z - 1054. Calculate q(5).
26
Let q(c) = c**3 - 26*c**2 - 205*c + 1580. Determine q(31).
30
Let k(y) = 362*y + 18608. Give k(-52).
-216
Let n(b) = 4*b**2 - 224*b + 1725. What is n(47)?
33
Let u(w) = -3*w**3 - 4*w**2 + 297*w - 25. Calculate u(0).
-25
Let q(u) = -3*u**2 + 1293*u + 337117. Determine q(-183).
31
Let l(v) = v**2 - 11262*v + 123756. Give l(11).
-5
Let h(z) = z**3 + 19*z**2 + 116*z + 8893. Determine h(-28).
-1411
Let z(q) = 7376*q - 81194. Give z(11).
-58
Let u(r) = 10*r**2 + 217*r - 250. Give u(-10).
-1420
Let t(d) = d**3 + 19*d**2 - 145*d - 2532. Give t(-11).
31
Let d(c) = 3*c**2 + 3463*c - 45544. Calculate d(13).
-18
Let i(u) = -5*u**3 + 40*u**2 + 172*u + 27. Give i(11).
104
Let k(a) = a**2 + 434*a - 22613. Give k(47).
-6
Let l(i) = -1085*i**2 + 2227*i - 68. Calculate l(2).
46
Let h(z) = -z**3 + 157*z**2 + 5643*z - 6161. Determine h(187).
10
Let w(u) = 14466*u + 86946. Calculate w(-6).
150
Let k(c) = 25281*c**2 - 1921346*c - 757. What is k(76)?
3
Let h(m) = 149*m + 6832. Give h(-48).
-320
Let o(u) = -89937*u - 3507543. Give o(-39).
0
Let l(u) = -1388*u + 47212. Give l(34).
20
Let w(h) = 217*h**2 + 77695*h + 3287. Determine w(-358).
65
Let a(w) = 3531*w + 271894. What is a(-77)?
7
Let g(f) = f**3 + 104*f**2 + 687*f + 10. Give g(-7).
-46
Let i(c) = 2*c**2 - 618*c + 15210. Give i(27).
-18
Let i(b) = -b**3 - 85*b**2 - 259*b - 643. What is i(-82)?
423
Let f(n) = 180*n - 7013. What is f(41)?
367
Let o(b) = 3*b**3 + 2135*b**2 + 7792*b + 2878. What is o(-708)?
46
Let v(a) = -7926*a - 120436. Calculate v(-15).
-1546
Let j(m) = -171*m**2 - 321*m - 20. What is j(-3)?
-596
Let g(i) = 7*i**2 - 134*i - 11375. Give g(51).
-2
Let a(z) = -68*z**3 + 38*z**2 + 2*z - 79. Give a(3).
-1567
Let s(q) = -5953*q - 1303687. Calculate s(-219).
20
Let w(a) = 353960*a - 4601487. Give w(13).
-7
Let c(i) = -2*i**3 + 56*i**2 + 724*i - 3660. Determine c(4).
4
Let g(r) = 74*r**3 - 75*r + 181. Give g(3).
1954
Let b(f) = 3*f**2 + 8815*f - 567256. Give b(63).
-4
Let a(w) = 1671387*w - 38441911. Determine a(23).
-10
Let i(n) = -970*n - 21375. Calculate i(-22).
-35
Let z(l) = 13*l**2 - 172*l + 410. What is z(3)?
11
Let k(c) = c**3 - 28*c**2 - 243*c - 188. Determine k(-9).
-998
Let b(y) = -225*y + 532. What is b(-13)?
3457
Let r(a) = -45*a**2 - 45*a + 121. Calculate r(4).
-779
Let v(a) = -100*a**3 - 2400*a**2 - 2*a - 40. Calculate v(-24).
8
Let z(o) = -12*o**2 - 73*o - 273. Determine z(-4).
-173
Let f(x) = 4*x**2 - 1107*x - 7950. What is f(-7)?
-5
Let g(n) = 4*n**2 - 36728*n + 1681063. Calculate g(46).
39
Let i(k) = k**2 - 55*k - 81888. Give i(315).
12
Let h(o) = 53724*o + 376117. Give h(-7).
49
Let u(r) = -r**2 + 289*r - 20368. What is u(128)?
240
Let j(l) = 6*l**3 - 147*l**2 - 57*l - 10. Give j(24).
-3106
Let r(q) = -1677*q - 222987. Calculate r(-133).
54
Let a(m) = 6*m**3 - 472*m**2 - 76*m - 6493. Determine a(79).
-15
Let h(x) = 30*x**3 + 267*x**2 + 3106*x + 28197. Give h(-9).
0
Let u(c) = 7*c**3 + 6*c**2 - 228*c + 920. Give u(7).
2019
Let q(b) = -10737*b + 5894612. Calculate q(549).
-1
Let i(o) = o**2 - 1009*o + 252976. Give i(544).
16
Let n(l) = l**3 + 10*l**2 - 64*l - 290. Calculate n(-12).
190
Let u(p) = -p**3 - 15*p**2 + 1881*p - 7056. What is u(-53)?
-7
Let b(m) = 15*m**2 - 243*m + 923. Calculate b(6).
5
Let n(l) = 11*l**2 + 270. Calculate n(-17).
3449
Let f(x) = 350*x - 28341. Calculate f(81).
9
Let n(w) = -512*w + 28602. Calculate n(56).
-70
Let g(b) = 5*b**3 + 33*b**2 - 2*b - 709. Calculate g(0).
-709
Let u(w) = w**3 - 32*w**2 - 539*w + 4863. What is u(42)?
-135
Let u(y) = 8752*y - 87590. What is u(10)?
-70
Let y(o) = 1839*o**2 + 121366*o - 8. Determine y(-66).
520
Let d(u) = -9*u**2 + 146*u + 190912. Give d(154).
-48
Let i(j) = j**2 + 811*j + 5715. Calculate i(-7).
87
Let h(u) = u**3 - 561*u**2 - 2146*u + 256052. What is h(564)?
-4
Let l(d) = d**3 + 98*d**2 + 476*d + 35894. Give l(-97).
-869
Let m(r) = 5*r**2 - 94*r + 588. What is m(9)?
147
Let a(z) = 8*z**3 - 20*z**2 - 111*z + 311. What is a(3)?
14
Let f(i) = -i**3 - 62*i**2 - 622*i + 141. Determine f(-14).
-559
Let t(u) = -u**2 + 7500*u + 384789. What is t(-51)?
-312
Let q(u) = -134*u + 4938. Calculate q(33).
516
Let b(c) = c**3 + 168*c**2 + 235*c + 7459. Give b(-167).
-3897
Let u(s) = 61573*s + 492576. Determine u(-8).
-8
Let i(p) = p**3 - 28*p**2 + 45*p + 191. Give i(4).
-13
Let b(m) = m**3 + 180*m**2 + 5297*m + 875. Give b(-143).
17
Let c(x) = 2091*x**2 + 10449*x - 8. Calculate c(-5).
22
Let k(m) = 11190*m**2 - 2137292*m + 378. Determine k(191).
-4
Let d(w) = 2*w**2 + 292*w + 6250. Determine d(-27).
-176
Let o(h) = 267429*h + 2. What is o(0)?
2
Let g(t) = -2068*t - 2043171. Calculate g(-988).
13
Let w(h) = -109*h**2 - 2020*h + 963. Calculate w(-19).
-6
Let p(r) = -r**3 - 22*r**2 + 182*r + 3229. What is p(-24)?
13
Let t(k) = 15529*k + 4068575. What is t(-262)?
-23
Let d(l) = -484187*l + 3389332. Calculate d(7).
23
Let s(k) = -k**3 + 183*k**2 - 3120*k + 56. Determine s(19).
-20
Let s(m) = 20*m**2 - 23014*m - 69055. What is s(-3)?
167
Let x(l) = -26*l**2 - 769*l - 2946. Give x(-25).
29
Let i(r) = 8*r**3 + 276*r**2 - 433*r - 57. What is i(-36)?
-21
Let l(r) = -33854*r + 440092. What is l(13)?
-10
Let o(u) = -u**2 + 2563*u + 54248. Calculate o(-21).
-16
Let c(i) = -i**3 - 273*i**2 - 3134*i - 548. Determine c(-261).
-26
Let k(p) = -1530*p + 5574. Calculate k(3).
984
Let z(i) = -51*i**3 - 354*i**2 - 55. Determine z(-7).
92
Let u(f) = -78*f**2 - 730*f - 181. Give u(-8).
667
Let f(y) = y**3 + 2221*y**2 + 22121*y + 100. Give f(-10).
-10
Let i(z) = -1472*z - 119141. What is i(-81)?
91
Let a(w) = 23*w**3 - 1424*w**2 - 106*w + 70. Give a(62).
1186
Let j(g) = 361*g + 110394. Calculate j(-309).
-1155
Let z(k) = k**3 - 33509*k**2 - 435788*k + 7. Determine z(-13).
33
Let n(i) = i**2 - 73*i + 599. Give n(75).
749
Let l(j) = -56372*j + 507423. Calculate l(9).
75
Let c(d) = -599*d - 4016. Calculate c(-6).
-422
Let v(a) = -5389*a + 43264. Give v(8).
152
Let d(b) = b**2 - 159*b + 5774. Determine d(57).
-40
Let n(a) = -7*a**3 + 6*a**2 - 16*a - 34. Give n(3).
-217
Let g(a) = 2*a**2 - 24324*a + 121545. What is g(5)?
-25
Let d(s) = 2299*s**2 + 6918*s + 73. Calculate d(-3).
10
Let w(z) = z**3 + 120*z**2 - 481*z + 445. Determine w(-124).
-1415
Let v(a) = -2*a**2 - 3534*a + 38726. Give v(11).
-390
Let j(q) = -q**3 + 36*q**2 - 159*q + 11. Give j(5).
-9
Let z(w) = -84*w + 532. Determine z(3).
280
Let z(l) = 3*l**2 + 49*l - 1339. Give z(18).
515
Let u(a) = 26*a - 1046. What is u(45)?
124
Let k(w) = w**3 + 66*w**2 - 1506*w - 104578. Give k(-64).
-2
Let z(v) = v**3 - 40*v**2 - 42*v - 8. What is z(-1)?
-7
Let x(v) = 2*v**2 + 335*v + 12539. What is x(-98)?
-1083
Let g(r) = r**2 + 81*r - 6843. What is g(51)?
-111
Let z(i) = 5*i**2 + 76*i - 31. Give z(-16).
33
Let w(r) = 11669*r + 34436. Determine w(-3).
-571
Let b(s) = -4*s**2 - 969*s - 7411. What is b(-8)?
85
Let k(n) = n**3 - 55*n**2 + 394*n - 92. Give k(8).
52
Let i(k) = k**3 + 42*k**2 + 18*k + 682. Determine i(-43).
-1941
Let f(w) = -w**3 + 2*w**2 + 348*w + 249. Calculate f(20).
9
Let m(n) = 5*n**3 - 22*n**2 - 20*n + 45. Determine m(-6).
-1707
Let w(h) = -26937*h - 7084427. Determine w(-263).
4
Let s(c) = 15*c**3 + 68*c**2 + 14*c + 77. Calculate s(-4).
149
Let z(r) = -1279*r**2 - 10*r - 22. Give z(-1).
-1291
Let i(s) = 1317*s - 12026. Determine i(10).
1144
Let z(f) = -115*f**2 + 10122*f - 253. Determine z(88).
-77
Let i(x) = -37055*x + 185287. Calculate i(5).
12
Let y(u) = 57*u**2 - 24547*u + 192729. Calculate y(8).
1
Let k(a) = -1256*a + 25198. What is k(20)?
78
Let m(b) = -b**3 + 62*b**2 + 515*b - 7240. Determine m(68).
36
Let x(m) = -2*m**3 + 425*m**2 - 192*m - 3353. Give x(212).
887
Let y(p) = -4272*p - 93969. Give y(-22).
15
Let i(c) = -c**3 + 20*c**2 + 917*c - 4946. Give i(5).
14
Let u(b) = -5*b**2 - 29*b + 721. Calculate u(13).
-501
Let g(u) = -1587*u + 19047. Determine g(12).
3
Let g(p) = 2949*p - 17772. Give g(6).
-78
Let l(h) = -h**3 + 19*h**2 + 470*h + 2061. Determine l(-8).
29
Let x(m) = -1015*m + 335520